4?
29
Suppose -6*y + 125 = -y. Let x = 33 + -29. Suppose x*j - 16 = 0, 2*j - 5*j = 5*u - 77. Calculate the remainder when y is divided by u.
12
Let c(z) = -z**3 - 2*z**2 - 2. Let f be 7/((-21)/6) + 5. Suppose 0 = -f*i - 0*i + 36. Calculate the remainder when i is divided by c(-3).
5
Suppose 3*t - 4*t + 36 = y, 4*t + 8 = 0. Suppose -8*h + 18 = -y. Suppose 5*w + 85 = 5*g, 28 = 2*g - 3*w - 2*w. What is the remainder when g is divided by h?
5
Suppose 1541 = 7*q - 1042. What is the remainder when q is divided by 10?
9
Suppose -12*x + 161 = -91. Calculate the remainder when x is divided by 15 + -3 + 0/2.
9
Suppose 5*v - 8*v = 0. Let i = -2 + v. Calculate the remainder when -2 + 10/(-4)*i is divided by 1.
0
Let s = -6 - -11. Suppose -s*j - 40 = -9*j. Suppose 2*i - j - 14 = 0. What is the remainder when 32 is divided by i?
8
Let v be (3/(-3) - -1)/2. Suppose 2*u + v*u = 2. What is the remainder when ((-24)/20)/(4/(-10)) is divided by u?
0
Suppose -b = 4*n + 9, 7*n - 4*n = -3*b. Suppose -27 = -l - b*q, -3*l + q + 2*q + 69 = 0. What is the remainder when 69 is divided by l?
21
Let q = 706 + -550. Calculate the remainder when q is divided by 35.
16
Let t = -2412 + 2528. What is the remainder when 577 is divided by t?
113
Suppose -10*z = -6*z - 5*l - 188, -z = 3*l - 47. Calculate the remainder when z is divided by 10.
7
Let l(d) = -4*d**2 + 11*d - 21*d + 3*d**2 - 12. Let k be l(-9). Calculate the remainder when 34 is divided by (-3 + 12)*(-3)/k.
7
Suppose x + 4*a - 46 = 0, 5*x + 2*a = x + 254. Let b = -32 + 53. What is the remainder when b is divided by x/(-3)*4/(-8)?
10
Let u = 7 + -8. Let i be -1 + u + 1 + 7. Let q = i + 5. What is the remainder when q is divided by 6?
5
Suppose -2*n + 3*f + 59 = 0, 2*n + f = 40 + 7. Calculate the remainder when 222 is divided by n.
22
Let b = 19 + 10. Let z = 524 + -505. Calculate the remainder when b is divided by z.
10
Suppose 12*b + 17 = 329. Suppose -3*a + 4 = -8. Suppose -25 = -3*c + 5*l, a*l = -4*c + 1 + 43. Calculate the remainder when b is divided by c.
6
Let h(u) be the first derivative of u**2/2 + 9*u + 7. Suppose 0 = 3*m + 15 - 114. Calculate the remainder when m is divided by h(3).
9
Let q(d) = 17*d - 43. Let c(y) = 3*y**2 + 4*y - 2. What is the remainder when c(-4) is divided by q(3)?
6
Let u(j) = -18*j**3 - j**2 + 2*j - 1. Let v be u(1). What is the remainder when 26 is divided by (-76)/v + 2/(-9)?
2
Calculate the remainder when 128 is divided by (119 + -123)/((-28)/26 + 1).
24
Let g = -308 - -338. Let m(i) = i**2 - i. Calculate the remainder when m(8) is divided by g.
26
Let w = -23 + 19. Calculate the remainder when 58 is divided by (-1)/w + 1027/52.
18
Suppose -150 = -5*n + 2*u, -4*n + 3*u + 148 = 7*u. Suppose -378*o = -407*o + 203. Calculate the remainder when n is divided by o.
4
Let s(h) = -h + 10. Suppose 4*u + u = 0. Suppose 0*q + 6*q + 48 = u. What is the remainder when 71 is divided by s(q)?
17
Let j(u) = -u**2 + 8*u - 10. Let o be j(4). Suppose 4*k + 3*f - 51 = o*f, 0 = 4*k + f - 47. Calculate the remainder when 35 is divided by k.
11
Let i(b) be the second derivative of b**3/6 + 9*b**2/2 - 4*b. Suppose -3*m + 296 = 59. What is the remainder when m is divided by i(11)?
19
Let n(b) = -14*b**2 + 0*b + 1 - 3 - 4*b + 15*b**2. What is the remainder when 8 is divided by n(5)?
2
Let v(c) = 2*c**3 + 3*c + 1. Let r(y) = y**3 - y**2 + y + 1. What is the remainder when v(0) is divided by r(0)?
0
Let n(h) = -h + 4. Let i be n(0). Suppose -c = f - 10, -49 - 5 = -5*f - i*c. Let l(r) = -r**2 - r + 5. What is the remainder when f is divided by l(0)?
4
Let r(m) = 14*m - 6. Let p = -64 - -72. What is the remainder when r(p) is divided by 28?
22
Let w = -218 - -232. What is the remainder when 33 is divided by w?
5
Let b = -66 - -66. Let k = 119 + b. Calculate the remainder when k is divided by 12.
11
Let y = 19 + 45. Suppose -v = v + 102. Let f = -29 - v. What is the remainder when y is divided by f?
20
What is the remainder when (10/((-140)/(-21)))/(6/152) is divided by 20?
18
Let h(f) = 22*f**2 + 8. What is the remainder when h(3) is divided by 52?
50
Suppose 6*r = r + 185. Suppose 8 = 2*h - 12. What is the remainder when r is divided by h?
7
Suppose 0 - 16 = -4*t. Suppose -15*o + 119 = 2*o. Calculate the remainder when o is divided by t.
3
Let f = -35 + 49. Suppose -78*k + 210*k = 3300. Calculate the remainder when k is divided by f.
11
Suppose -15 = -10*v + 5*v. Suppose -3*t - 5*b - 47 = 0, 0 = -5*t + 5*b + 22 - 87. Let p = t + 15. What is the remainder when v is divided by p?
0
Let k(j) = j**3 - 12*j**2 - 30*j + 28. Let p be k(14). Suppose p = -29*y + 19*y + 130. Calculate the remainder when 22 is divided by y.
9
Let j(q) = 7*q + 302. What is the remainder when 19 is divided by j(-41)?
4
Suppose 8 = 2*k - 8. Let u(z) = -z**2 + 12*z - 9. Calculate the remainder when 64 is divided by u(k).
18
Let s(n) = n**2 - 5*n + 5. Let c be s(5). Suppose c*q - 4*q - 12 = 0. Calculate the remainder when q is divided by 5.
2
Suppose -16*a = 11 - 283. What is the remainder when 23 is divided by a?
6
Suppose 2*v - 60 = -2*v. Calculate the remainder when 116 is divided by v.
11
Suppose 2*n - 13 = 7. Suppose n*r = 19 + 91. Calculate the remainder when r is divided by 4.
3
Suppose -700 = 35*x - 5635. What is the remainder when x is divided by 33?
9
Let g be (-2)/(-2 - 128/(-63)). Let x = -30 - g. What is the remainder when x is divided by 7?
5
Suppose 60 = 8*c - 92. What is the remainder when 54 is divided by c?
16
Calculate the remainder when 201 is divided by (((-220)/(-15))/(-11))/(2/(-27)).
3
Let q(r) = -r**2 - 14*r - 12. Let d be -1*((-4)/(-4) + 8). What is the remainder when q(d) is divided by (-2 - 6/(-4))*-36?
15
Let d(u) = u**3 + 8*u**2 + 6*u - 6. Let w be d(-7). Let x be 2/(-9) - (-100)/(-36). Calculate the remainder when 13 is divided by (x + w)*(-5 - -1).
5
Suppose -c + 54 = -0*q - 2*q, -318 = -5*c - 2*q. Suppose 0 = -d + c + 20. Calculate the remainder when d is divided by 17.
14
Let r = -33 - -48. Suppose -k - 27 = 2*f - 162, 522 = 4*k + 2*f. Suppose -b + 4*b = k. What is the remainder when b is divided by r?
13
Let b = 79 - -33. Let h(x) = 2*x**2 - 164*x + 3047. What is the remainder when b is divided by h(54)?
20
Let y(f) = -26*f - 9. Let t be y(-5). Let q = 5 + -5. Suppose 3*v + t - 442 = -5*l, -l - 5*v + 73 = q. Calculate the remainder when l is divided by 22.
19
Let a(n) = n**2 + 4*n + 4. What is the remainder when 2 is divided by a(-3)?
0
Let r be (-12)/(-5) - (-14)/(-35). Suppose -4*d = -f - 15, -d + 5 = -f + r. Suppose d*p - 264 = -0*p. Calculate the remainder when p is divided by 23.
20
Let v = 254 + -260. Let t = 21 - 12. Let q = t - v. Calculate the remainder when 27 is divided by q.
12
Suppose 267 = 45*c + 42. Calculate the remainder when 49 is divided by c.
4
Let o = 158 + -96. What is the remainder when o*(-3)/6*-1 is divided by 51/(-2)*(-4)/6?
14
Let k(t) = -2*t + 157. What is the remainder when k(4) is divided by (-3)/(-12) - (-119)/4?
29
Let o be (3/(-5))/(1/(-5)). Suppose 23 = x - 5*r, -r + 14 = x + o. What is the remainder when 15/(-30) + (-47)/(-2) is divided by x?
10
Let z(v) = v**3. Let d be z(0). Calculate the remainder when (-775)/(-20) - (3/4 - d) is divided by 20.
18
Let z be (4 + -5 + 1)*-1. Let q be ((-3)/(-2) + z)*2. Suppose 728 = 5*f + i + 275, -5*f = -q*i - 441. What is the remainder when f is divided by 13?
12
Let t(m) = 2*m**3 - m + 0*m**3 - 3*m**2 + 21 - 3*m**3 + 4*m**2. Suppose -4*p = -0*i - 3*i - 8, -2*i + 2 = p. What is the remainder when t(i) is divided by 11?
10
Let a be (-2)/15 + 394/30. Suppose -13 + 3 = 2*y, 0 = -g - 5*y - a. Let x = 12 - 5. What is the remainder when g is divided by x?
5
Let o(g) = 11*g - 26. Calculate the remainder when 158 is divided by o(6).
38
Suppose -5*q = 8 + 17, 23 = z + 2*q. Let r(u) = 19*u**3 - 2*u**2 + 1. What is the remainder when z is divided by r(1)?
15
Suppose 18*t + 3 - 435 = 0. What is the remainder when 42 is divided by t?
18
Let y(i) = i**2 - 37*i + 87. Calculate the remainder when y(36) is divided by 5.
1
Let j(f) = 3*f**3 - 4*f**2 + f + 2. Let i be j(2). Suppose -i*p = -10*p - 12. Calculate the remainder when 9 is divided by p.
3
Let n = -245 + 263. Calculate the remainder when 393 is divided by n.
15
Let a = 188 - 176. What is the